{"id":963,"date":"2023-09-11T11:19:04","date_gmt":"2023-09-11T14:19:04","guid":{"rendered":"https:\/\/inkraft.com.br\/?page_id=963"},"modified":"2023-09-11T17:19:09","modified_gmt":"2023-09-11T20:19:09","slug":"termos-e-condicoes","status":"publish","type":"page","link":"https:\/\/inkraft.com.br\/?page_id=963","title":{"rendered":"Termos e condi\u00e7\u00f5es"},"content":{"rendered":"\n<h4 class=\"wp-block-heading\">1. Introdu\u00e7\u00e3o<\/h4>\n\n\n\n<p>Estes Termos e Condi\u00e7\u00f5es aplicam-se a este site e \u00e0s transa\u00e7\u00f5es relacionadas aos nossos produtos e servi\u00e7os.&nbsp;Voc\u00ea pode estar sujeito a contratos adicionais relacionados ao seu relacionamento conosco ou quaisquer produtos ou servi\u00e7os que receba de n\u00f3s.&nbsp;Se alguma cl\u00e1usula dos contratos adicionais entrar em conflito com qualquer cl\u00e1usula destes Termos, as cl\u00e1usulas desses contratos adicionais prevalecer\u00e3o.<\/p>\n\n\n\n<h4 class=\"wp-block-heading\">2. Obriga\u00e7\u00f5es<\/h4>\n\n\n\n<p>Ao se registrar, acessar ou usar este site de outra forma, voc\u00ea concorda em obedecer a estes Termos e condi\u00e7\u00f5es definidos abaixo.&nbsp;A simples utiliza\u00e7\u00e3o deste site implica o conhecimento e aceita\u00e7\u00e3o destes Termos e condi\u00e7\u00f5es.&nbsp;Em alguns casos espec\u00edficos, tamb\u00e9m podemos pedir que voc\u00ea concorde explicitamente.<\/p>\n\n\n\n<h4 class=\"wp-block-heading\">3. Comunica\u00e7\u00e3o eletr\u00f4nica<\/h4>\n\n\n\n<p>Ao utilizar este site ou comunicar-se conosco por meios eletr\u00f4nicos, voc\u00ea concorda e reconhece que podemos nos comunicar com voc\u00ea eletronicamente em nosso site ou enviando um e-mail e concorda que todos os acordos, avisos, divulga\u00e7\u00f5es e outras comunica\u00e7\u00f5es que fornecemos eletronicamente a voc\u00ea satisfazem a qualquer requisito legal, incluindo, mas n\u00e3o se limitando ao requisito de que tais comunica\u00e7\u00f5es sejam feitas por escrito.<\/p>\n\n\n\n<h4 class=\"wp-block-heading\">4. Propriedade intelectual<\/h4>\n\n\n\n<p>N\u00f3s ou nossos licenciantes possu\u00edmos e controlamos todos os direitos autorais e outros direitos de propriedade intelectual no site e os dados, informa\u00e7\u00f5es e outros recursos exibidos ou acess\u00edveis dentro do site.<\/p>\n\n\n\n<p>4.1 Todos os direitos s\u00e3o reservados<\/p>\n\n\n\n<p>A menos que conte\u00fados espec\u00edficos determinem o contr\u00e1rio, voc\u00ea n\u00e3o recebe uma licen\u00e7a ou qualquer outro direito sob Copyright, Marca Registrada, Patente ou outros Direitos de Propriedade Intelectual.&nbsp;Isso significa que voc\u00ea n\u00e3o vai usar, copiar, reproduzir, executar, exibir, distribuir, incorporar em qualquer meio eletr\u00f4nico, alterar, fazer engenharia reversa, descompilar, transferir, baixar, transmitir, monetizar, vender, negociar ou comercializar quaisquer recursos neste site em qualquer forma, sem nossa permiss\u00e3o pr\u00e9via por escrito, exceto e somente na medida estipulada de outra forma nos regulamentos da lei obrigat\u00f3ria (como o direito de cota\u00e7\u00e3o).<\/p>\n\n\n\n<h4 class=\"wp-block-heading\">5. Newsletter<\/h4>\n\n\n\n<p>N\u00e3o obstante o acima exposto, voc\u00ea poder\u00e1 encaminhar a nossa newsletter em formato eletr\u00f4nico a outras pessoas que tenham interesse em visitar o nosso site.<\/p>\n\n\n\n<h4 class=\"wp-block-heading\">6. Propriedade de terceiros<\/h4>\n\n\n\n<p>Nosso site pode incluir hiperlinks ou outras refer\u00eancias a sites de terceiros.&nbsp;N\u00e3o monitoramos ou revisamos o conte\u00fado de sites de terceiros que est\u00e3o vinculados a partir deste site.&nbsp;Os produtos ou servi\u00e7os oferecidos por outros sites estar\u00e3o sujeitos aos Termos e Condi\u00e7\u00f5es aplic\u00e1veis desses terceiros.&nbsp;As opini\u00f5es expressas ou o material que aparece nesses sites n\u00e3o s\u00e3o necessariamente compartilhados ou endossados por n\u00f3s.<\/p>\n\n\n\n<p>N\u00e3o seremos respons\u00e1veis por quaisquer pr\u00e1ticas de privacidade ou conte\u00fado desses sites.&nbsp;Voc\u00ea assume todos os riscos associados ao uso desses sites e de quaisquer servi\u00e7os de terceiros relacionados.&nbsp;N\u00e3o aceitaremos qualquer responsabilidade por qualquer perda ou dano de qualquer forma, causado por voc\u00ea, resultante da sua divulga\u00e7\u00e3o a terceiros de informa\u00e7\u00f5es pessoais.<\/p>\n\n\n\n<h4 class=\"wp-block-heading\">7. Uso respons\u00e1vel<\/h4>\n\n\n\n<p>Ao visitar nosso site, voc\u00ea concorda em us\u00e1-lo apenas para os fins pretendidos e permitidos por estes Termos, quaisquer contratos adicionais conosco e as leis, regulamentos e pr\u00e1ticas online normalmente aceitas e diretrizes da ind\u00fastria.&nbsp;Voc\u00ea n\u00e3o deve usar nosso site ou servi\u00e7os para usar, publicar ou distribuir qualquer material que consista em (ou esteja vinculado a) software de computador malicioso; usar os dados coletados em nosso site para qualquer atividade de marketing direto; ou conduzir quaisquer atividades de coleta de dados sistem\u00e1tica ou automatizada em ou em rela\u00e7\u00e3o ao nosso site.<\/p>\n\n\n\n<p>O envolvimento em qualquer atividade que cause ou possa causar danos ao site ou que interfira no desempenho, disponibilidade ou acessibilidade do site \u00e9 estritamente proibido.<\/p>\n\n\n\n<h4 class=\"wp-block-heading\">8. Cadastro<\/h4>\n\n\n\n<p>Voc\u00ea pode se registrar para uma conta em nosso site.&nbsp;Durante este processo, pode ser necess\u00e1rio escolher uma senha.&nbsp;Voc\u00ea \u00e9 respons\u00e1vel por manter a confidencialidade das senhas e informa\u00e7\u00f5es da conta e concorda em n\u00e3o compartilhar suas senhas, informa\u00e7\u00f5es da conta ou acesso seguro ao nosso site ou servi\u00e7os com qualquer outra pessoa.&nbsp;Voc\u00ea n\u00e3o deve permitir que outra pessoa use sua conta para acessar o site porque voc\u00ea \u00e9 respons\u00e1vel por todas as atividades que ocorrem por meio do uso de suas senhas ou contas.&nbsp;Voc\u00ea deve nos notificar imediatamente se tomar conhecimento de qualquer divulga\u00e7\u00e3o de sua senha.<\/p>\n\n\n\n<p>Ap\u00f3s o encerramento da conta, voc\u00ea n\u00e3o tentar\u00e1 registrar uma nova conta sem nossa permiss\u00e3o.<\/p>\n\n\n\n<h4 class=\"wp-block-heading\">9. Pol\u00edtica de reembolso e devolu\u00e7\u00e3o<\/h4>\n\n\n\n<p>9.1 Direito de cancelamento<\/p>\n\n\n\n<p>Voc\u00ea tem o direito de rescindir este contrato em 14 dias, sem indicar o motivo.<\/p>\n\n\n\n<p>O per\u00edodo de cancelamento ir\u00e1 expirar ap\u00f3s 14 dias a partir da data de conclus\u00e3o do contrato.<\/p>\n\n\n\n<p>Para exercer o direito de cancelamento, voc\u00ea deve nos informar sobre sua decis\u00e3o de rescindir este contrato por meio de uma declara\u00e7\u00e3o inequ\u00edvoca (por exemplo, uma carta enviada por correio, fax ou e-mail).&nbsp;Nossos detalhes de contato podem ser encontrados abaixo.&nbsp;Voc\u00ea pode usar o modelo em anexo do&nbsp;<a target=\"_blank\" href=\"https:\/\/inkraft.com.br\/wp-content\/uploads\/complianz\/withdrawal-forms\/withdrawal-form-pt.pdf\" rel=\"noreferrer noopener\">formul\u00e1rio de cancelamento<\/a>, mas n\u00e3o \u00e9 obrigado.<\/p>\n\n\n\n<p>Voc\u00ea tamb\u00e9m pode preencher e enviar eletronicamente o modelo de formul\u00e1rio de cancelamento ou qualquer outra declara\u00e7\u00e3o inequ\u00edvoca em nosso&nbsp;<a href=\"https:\/\/inkraft.com.br\/contact\/\">site<\/a>.<\/p>\n\n\n\n<p>Se voc\u00ea usar esta op\u00e7\u00e3o, iremos enviar a voc\u00ea um aviso de recebimento de tal cancelamento em uma m\u00eddia dur\u00e1vel (por exemplo, por e-mail) sem demora.<\/p>\n\n\n\n<p>Para cumprir o prazo de cancelamento, basta-lhe enviar a sua comunica\u00e7\u00e3o relativa ao exerc\u00edcio do direito de rescis\u00e3o antes que o per\u00edodo de cancelamento expire.<\/p>\n\n\n\n<p>9.2 Efeitos do cancelamento<\/p>\n\n\n\n<p>Se voc\u00ea rescindir este contrato, iremos reembolsar todos os pagamentos recebidos de voc\u00ea, incluindo os custos de entrega (com exce\u00e7\u00e3o dos custos suplementares resultantes de sua escolha de um tipo de entrega diferente do tipo mais barato de entrega padr\u00e3o oferecido por n\u00f3s), sem atrasos indevidos e, em qualquer caso, o mais tardar 14 dias a partir da data em que formos informados da sua decis\u00e3o de rescindir este contrato.&nbsp;Realizaremos esse reembolso usando os mesmos meios de pagamento que voc\u00ea usou para a transa\u00e7\u00e3o inicial, a menos que voc\u00ea tenha expressamente acordado o contr\u00e1rio; em qualquer caso, voc\u00ea n\u00e3o incorrer\u00e1 em nenhuma taxa como resultado de tal reembolso.<\/p>\n\n\n\n<p>Se voc\u00ea solicitou o in\u00edcio da execu\u00e7\u00e3o dos servi\u00e7os durante o per\u00edodo de cancelamento, dever\u00e1 nos pagar uma quantia proporcional ao que foi fornecido at\u00e9 que voc\u00ea tenha comunicado sua rescis\u00e3o deste contrato, em rela\u00e7\u00e3o com a cobertura total do contrato.<\/p>\n\n\n\n<p>Por favor, observe que existem algumas exce\u00e7\u00f5es legais ao direito de retirada e, portanto, alguns itens n\u00e3o podem ser devolvidos ou trocados.&nbsp;Avisaremos se isso se aplica ao seu caso espec\u00edfico.<\/p>\n\n\n\n<h4 class=\"wp-block-heading\">10. Submiss\u00e3o de ideias<\/h4>\n\n\n\n<p>N\u00e3o envie ideias, inven\u00e7\u00f5es, trabalhos autorais ou outras informa\u00e7\u00f5es que possam ser consideradas de sua propriedade intelectual que voc\u00ea gostaria de apresentar para n\u00f3s, a menos que tenhamos assinado um acordo sobre a propriedade intelectual ou um acordo de n\u00e3o divulga\u00e7\u00e3o.&nbsp;Se voc\u00ea divulgar a n\u00f3s na aus\u00eancia de tal acordo por escrito, voc\u00ea nos concede uma licen\u00e7a mundial, irrevog\u00e1vel, n\u00e3o exclusiva e livre de royalties para usar, reproduzir, armazenar, adaptar, publicar, traduzir e distribuir seu conte\u00fado em qualquer m\u00eddia existente ou futura.<\/p>\n\n\n\n<h4 class=\"wp-block-heading\">11. Cessa\u00e7\u00e3o de uso<\/h4>\n\n\n\n<p>Podemos, a nosso exclusivo crit\u00e9rio, a qualquer momento modificar ou descontinuar o acesso, tempor\u00e1ria ou permanentemente, ao site ou a qualquer Servi\u00e7o nele contido.&nbsp;Voc\u00ea concorda que n\u00e3o seremos respons\u00e1veis por voc\u00ea ou qualquer terceiro por qualquer modifica\u00e7\u00e3o, suspens\u00e3o ou interrup\u00e7\u00e3o de seu acesso ou uso do site ou de qualquer conte\u00fado que voc\u00ea possa ter compartilhado no site.&nbsp;Voc\u00ea n\u00e3o ter\u00e1 direito a qualquer compensa\u00e7\u00e3o ou outro pagamento, mesmo que certos recursos, configura\u00e7\u00f5es e\/ou qualquer Conte\u00fado com o qual tenha contribu\u00eddo ou do qual venha a depender sejam perdidos permanentemente.&nbsp;Voc\u00ea n\u00e3o deve contornar ou burlar, ou tentar contornar ou burlar, quaisquer medidas de restri\u00e7\u00e3o de acesso em nosso site.<\/p>\n\n\n\n<h4 class=\"wp-block-heading\">12. Garantias e responsabilidade<\/h4>\n\n\n\n<p>Nada nesta se\u00e7\u00e3o limitar\u00e1 ou excluir\u00e1 qualquer garantia impl\u00edcita por lei que seria ilegal limitar ou excluir.&nbsp;Este site e todo o conte\u00fado do site s\u00e3o fornecidos &#8220;no estado em que se encontram&#8221; e &#8220;conforme dispon\u00edvel&#8221; e podem incluir imprecis\u00f5es ou erros tipogr\u00e1ficos.&nbsp;Renunciamos expressamente a todas as garantias de qualquer tipo, expressas ou impl\u00edcitas, quanto \u00e0 disponibilidade, precis\u00e3o ou integridade do Conte\u00fado.&nbsp;N\u00e3o garantimos que:<\/p>\n\n\n\n<ul class=\"wp-block-list\">\n<li>este site ou nosso conte\u00fado atender\u00e1 \u00e0s suas necessidades;<\/li>\n\n\n\n<li>este site estar\u00e1 dispon\u00edvel de forma ininterrupta, oportuna, segura ou livre de erros.<\/li>\n<\/ul>\n\n\n\n<p>Nada neste site constitui, ou pretende constituir, aconselhamento jur\u00eddico, financeiro ou m\u00e9dico de qualquer tipo.&nbsp;Se voc\u00ea precisar de aconselhamento, deve consultar um profissional adequado.<\/p>\n\n\n\n<p>As seguintes disposi\u00e7\u00f5es desta se\u00e7\u00e3o ser\u00e3o aplicadas na extens\u00e3o m\u00e1xima permitida pela lei aplic\u00e1vel e n\u00e3o limitar\u00e3o ou excluir\u00e3o nossa responsabilidade em rela\u00e7\u00e3o a qualquer assunto que seria il\u00edcito ou ilegal limitarmos ou excluirmos de nossa responsabilidade.&nbsp;Em nenhum caso seremos respons\u00e1veis por quaisquer danos diretos ou indiretos (incluindo quaisquer danos por perda de lucros ou receita, perda ou corrup\u00e7\u00e3o de dados, software ou banco de dados, ou perda ou dano \u00e0 propriedade ou dados) incorridos por voc\u00ea ou qualquer terceiro decorrentes do seu acesso ou uso do nosso site.<\/p>\n\n\n\n<p>Exceto na medida em que qualquer contrato adicional declare expressamente o contr\u00e1rio, nossa responsabilidade m\u00e1xima para com voc\u00ea por todos os danos decorrentes ou relacionados ao site ou quaisquer produtos e servi\u00e7os comercializados ou vendidos atrav\u00e9s do site, independentemente da forma de a\u00e7\u00e3o legal que imp\u00f5e responsabilidade (seja em contrato, equidade, neglig\u00eancia, conduta pretendida, ato il\u00edcito ou de outra forma) ser\u00e1 limitado ao pre\u00e7o total que voc\u00ea pagou a n\u00f3s para adquirir tais produtos ou servi\u00e7os ou usar o site.&nbsp;Tal limite ser\u00e1 aplicado em conjunto a todas as suas reivindica\u00e7\u00f5es, a\u00e7\u00f5es e causas de a\u00e7\u00e3o de todos os tipos e naturezas.<\/p>\n\n\n\n<h4 class=\"wp-block-heading\">13. Privacidade<\/h4>\n\n\n\n<p>Para acessar nosso site e\/ou servi\u00e7os, voc\u00ea pode precisar fornecer algumas informa\u00e7\u00f5es sobre voc\u00ea como parte do processo de registro.&nbsp;Voc\u00ea concorda que todas as informa\u00e7\u00f5es fornecidas ser\u00e3o sempre precisas, corretas e atualizadas.<\/p>\n\n\n\n<h4 class=\"wp-block-heading\">14. Restri\u00e7\u00f5es de exporta\u00e7\u00e3o \/ Conformidade legal<\/h4>\n\n\n\n<p>\u00c9 proibido o acesso ao site a partir de territ\u00f3rios ou pa\u00edses onde o Conte\u00fado ou a compra dos produtos ou Servi\u00e7os vendidos no site \u00e9 ilegal.&nbsp;Voc\u00ea n\u00e3o pode usar este site em viola\u00e7\u00e3o \u00e0s leis e regulamentos de exporta\u00e7\u00e3o de Brasil.<\/p>\n\n\n\n<h4 class=\"wp-block-heading\">15. Cess\u00e3o<\/h4>\n\n\n\n<p>Voc\u00ea n\u00e3o pode ceder, transferir ou subcontratar nenhum de seus direitos e\/ou obriga\u00e7\u00f5es sob estes Termos e condi\u00e7\u00f5es, no todo ou em parte, a terceiros sem nosso consentimento pr\u00e9vio por escrito.&nbsp;Qualquer alegada cess\u00e3o em viola\u00e7\u00e3o a esta Se\u00e7\u00e3o ser\u00e1 nula e sem efeito.<\/p>\n\n\n\n<h4 class=\"wp-block-heading\">16. Viola\u00e7\u00f5es a estes Termos e Condi\u00e7\u00f5es<\/h4>\n\n\n\n<p>Sem preju\u00edzo de nossos outros direitos sob estes Termos e Condi\u00e7\u00f5es, se voc\u00ea violar estes Termos e Condi\u00e7\u00f5es de qualquer forma, podemos tomar as medidas que considerarmos apropriadas para lidar com a viola\u00e7\u00e3o, incluindo a suspens\u00e3o tempor\u00e1ria ou permanente de seu acesso ao site, entrando em contato com seu provedor de servi\u00e7os de internet para solicitar o bloqueio de seu acesso ao site e\/ou iniciar uma a\u00e7\u00e3o legal contra voc\u00ea.<\/p>\n\n\n\n<h4 class=\"wp-block-heading\">17. Indeniza\u00e7\u00e3o<\/h4>\n\n\n\n<p>Voc\u00ea concorda em indenizar, defender e nos isentar de responsabilidade, de e contra todas e quaisquer reivindica\u00e7\u00f5es, responsabilidades, danos, perdas e despesas relacionadas \u00e0 sua viola\u00e7\u00e3o destes Termos e condi\u00e7\u00f5es e das leis aplic\u00e1veis, incluindo direitos de propriedade intelectual e direitos de privacidade.&nbsp;Voc\u00ea nos reembolsar\u00e1 prontamente por nossos danos, perdas, custos e despesas relacionados ou decorrentes de tais reivindica\u00e7\u00f5es.<\/p>\n\n\n\n<h4 class=\"wp-block-heading\">18. Cancelamento<\/h4>\n\n\n\n<p>O n\u00e3o cumprimento de qualquer um dos dispositivos estabelecidos nestes Termos e Condi\u00e7\u00f5es e em qualquer Contrato, ou o n\u00e3o exerc\u00edcio de qualquer op\u00e7\u00e3o de rescis\u00e3o n\u00e3o devem ser interpretados como ren\u00fancia de tais dispositivos e n\u00e3o afetar\u00e1 a validade destes Termos e Condi\u00e7\u00f5es ou de qualquer Contrato ou qualquer parte dele ou o direito posterior de fazer cumprir todas as disposi\u00e7\u00f5es.<\/p>\n\n\n\n<h4 class=\"wp-block-heading\">19. Idioma<\/h4>\n\n\n\n<p>Estes Termos e Condi\u00e7\u00f5es ser\u00e3o interpretados e concebidos exclusivamente em Portuguese.&nbsp;Todas as notifica\u00e7\u00f5es e correspond\u00eancias ser\u00e3o redigidas exclusivamente neste idioma.<\/p>\n\n\n\n<h4 class=\"wp-block-heading\">20. Entendimento integral<\/h4>\n\n\n\n<p>Estes Termos e Condi\u00e7\u00f5es constituem o entendimento integral entre voc\u00ea e Inkraft Laborat\u00f3rio de Usinagem&nbsp;em rela\u00e7\u00e3o ao seu uso deste site e contrata\u00e7\u00e3o dos nossos servi\u00e7os.<\/p>\n\n\n\n<h4 class=\"wp-block-heading\">21. Atualiza\u00e7\u00e3o destes Termos e Condi\u00e7\u00f5es<\/h4>\n\n\n\n<p>Podemos atualizar estes Termos e Condi\u00e7\u00f5es de tempos em tempos.&nbsp;A data fornecida no in\u00edcio destes Termos e Condi\u00e7\u00f5es \u00e9 a data de revis\u00e3o mais recente.&nbsp;Enviaremos a voc\u00ea um aviso por escrito sobre quaisquer altera\u00e7\u00f5es ou atualiza\u00e7\u00f5es e os Termos e Condi\u00e7\u00f5es revisados entrar\u00e3o em vigor na data em que dermos tal aviso.&nbsp;Seu uso continuado deste site ap\u00f3s a publica\u00e7\u00e3o de altera\u00e7\u00f5es ou atualiza\u00e7\u00f5es ser\u00e1 considerado um aviso de sua aceita\u00e7\u00e3o em cumprir e ser regido por estes Termos e Condi\u00e7\u00f5es.&nbsp;Para solicitar uma vers\u00e3o anterior destes Termos e Condi\u00e7\u00f5es, entre em contato conosco.<\/p>\n\n\n\n<h4 class=\"wp-block-heading\">22. Legisla\u00e7\u00e3o aplic\u00e1vel e jurisdi\u00e7\u00e3o<\/h4>\n\n\n\n<p>Estes Termos e Condi\u00e7\u00f5es ser\u00e3o regidos pelas leis de Brasil.&nbsp;Quaisquer disputas relacionadas a estes Termos e Condi\u00e7\u00f5es estar\u00e3o sujeitas \u00e0 jurisdi\u00e7\u00e3o dos tribunais de Brasil.&nbsp;Se qualquer parte ou disposi\u00e7\u00e3o destes Termos e Condi\u00e7\u00f5es for considerada por um tribunal ou outra autoridade inv\u00e1lida e\/ou inexequ\u00edvel sob a lei aplic\u00e1vel, tal parte ou disposi\u00e7\u00e3o ser\u00e1 modificada, exclu\u00edda e\/ou aplicada na extens\u00e3o m\u00e1xima permitida de modo a dar efeito \u00e0 inten\u00e7\u00e3o destes Termos e Condi\u00e7\u00f5es.&nbsp;As demais disposi\u00e7\u00f5es n\u00e3o ser\u00e3o afetadas.<\/p>\n\n\n\n<h4 class=\"wp-block-heading\">23. Informa\u00e7\u00f5es de Contato<\/h4>\n\n\n\n<p>Este site pertence e \u00e9 operado por Inkraft Laborat\u00f3rio de Usinagem.<\/p>\n\n\n\n<p>Voc\u00ea pode nos contatar sobre estes Termos e Condi\u00e7\u00f5es atrav\u00e9s de nossa&nbsp;<a href=\"https:\/\/inkraft.com.br\/contact\/\">p\u00e1gina de contato<\/a>.<\/p>\n\n\n\n<h4>24. Responsabilidade quando fizer o pedido<\/h4>\n\n\n\n<p>Voc\u00ea compreende que a Inkraft Laborat\u00f3rio de Usinagem \u00e9 uma empresa que confecciona as estruturas de pr\u00f3tese dental atrav\u00e9s do processo de CAD\/CAM, sem realizar o acabamento final (aplica\u00e7\u00e3o de cer\u00e2mica, <em>glaze<\/em> e maquiagem ou pigmenta\u00e7\u00e3o). O processo de confec\u00e7\u00e3o compreende a usinagem\/fresagem fidedigna do desenho entregue ou realizado internamente pela Inkraft. Quaisquer defeitos e inconformidades apresentados nas estruturas e materiais fresados pela Inkraft, decorrentes de desenhos e escaneamentos por ela n\u00e3o realizados, s\u00e3o de total responsabilidade da pessoa ou empresa que nos enviou os referidos desenhos ou escaneamentos, inclusive a responsabilidade de pagamento pelo servi\u00e7o, nos mesmos termos e prazos, que caberia no caso de qualquer outro servi\u00e7o contratado com a Inkraft.<\/p>\n\n\n\n<p>Assim, voc\u00ea est\u00e1 ciente de sua responsabilidade pelos desenhos e escaneamentos fornecidos, que ser\u00e3o fidedignamente reproduzidos na confec\u00e7\u00e3o da estrutura, ainda que em desacordo com os padr\u00f5es recomendados pelos fabricantes de materiais, como espessura de <em>copings<\/em>, coroas, estruturas de pr\u00f3tese fixa sobre implantes, dimens\u00e3o de conectores e extens\u00e3o de cantilevers, dentre outros.<\/p>\n\n\n\n<h4 class=\"wp-block-heading\" style=\"font-size:28px\">24. Baixar<\/h4>\n\n\n\n<p>Voc\u00ea pode baixar e\/ou imprimir este documento com &#8220;CTRL + P&#8221;, ou de outra maneira, dependendo do dispositivo usado para acessar o site.<\/p>\n","protected":false},"excerpt":{"rendered":"<p>1. Introdu\u00e7\u00e3o Estes Termos e Condi\u00e7\u00f5es aplicam-se a este site e \u00e0s transa\u00e7\u00f5es relacionadas aos nossos produtos e servi\u00e7os.&nbsp;Voc\u00ea pode estar sujeito a contratos adicionais relacionados ao seu relacionamento conosco ou quaisquer produtos ou servi\u00e7os que receba de n\u00f3s.&nbsp;Se alguma cl\u00e1usula dos contratos adicionais entrar em conflito com qualquer cl\u00e1usula destes Termos, as cl\u00e1usulas desses [&hellip;]<\/p>\n","protected":false},"author":1,"featured_media":0,"parent":0,"menu_order":0,"comment_status":"closed","ping_status":"closed","template":"","meta":{"footnotes":""},"class_list":["post-963","page","type-page","status-publish","hentry"],"_links":{"self":[{"href":"https:\/\/inkraft.com.br\/index.php?rest_route=\/wp\/v2\/pages\/963","targetHints":{"allow":["GET"]}}],"collection":[{"href":"https:\/\/inkraft.com.br\/index.php?rest_route=\/wp\/v2\/pages"}],"about":[{"href":"https:\/\/inkraft.com.br\/index.php?rest_route=\/wp\/v2\/types\/page"}],"author":[{"embeddable":true,"href":"https:\/\/inkraft.com.br\/index.php?rest_route=\/wp\/v2\/users\/1"}],"replies":[{"embeddable":true,"href":"https:\/\/inkraft.com.br\/index.php?rest_route=%2Fwp%2Fv2%2Fcomments&post=963"}],"version-history":[{"count":13,"href":"https:\/\/inkraft.com.br\/index.php?rest_route=\/wp\/v2\/pages\/963\/revisions"}],"predecessor-version":[{"id":991,"href":"https:\/\/inkraft.com.br\/index.php?rest_route=\/wp\/v2\/pages\/963\/revisions\/991"}],"wp:attachment":[{"href":"https:\/\/inkraft.com.br\/index.php?rest_route=%2Fwp%2Fv2%2Fmedia&parent=963"}],"curies":[{"name":"wp","href":"https:\/\/api.w.org\/{rel}","templated":true}]}}